te the remainder when 22846 is divided by 12.
10
What is the remainder when 115302 is divided by 71?
69
Calculate the remainder when 5046 is divided by 731.
660
Calculate the remainder when 50645 is divided by 512.
469
What is the remainder when 238795 is divided by 20?
15
What is the remainder when 58800 is divided by 271?
264
Calculate the remainder when 214540 is divided by 58.
56
What is the remainder when 9414 is divided by 974?
648
What is the remainder when 27723 is divided by 233?
229
Calculate the remainder when 6537 is divided by 3260.
17
Calculate the remainder when 11248 is divided by 5622.
4
What is the remainder when 3975 is divided by 3969?
6
Calculate the remainder when 1750 is divided by 64.
22
What is the remainder when 14503 is divided by 453?
7
What is the remainder when 272406 is divided by 17?
15
Calculate the remainder when 3370 is divided by 839.
14
Calculate the remainder when 119384 is divided by 54.
44
What is the remainder when 6696 is divided by 957?
954
What is the remainder when 248014 is divided by 3493?
11
What is the remainder when 57548 is divided by 21?
8
Calculate the remainder when 14360 is divided by 4769.
53
What is the remainder when 5762 is divided by 4?
2
What is the remainder when 2322289 is divided by 1567?
1562
What is the remainder when 27072 is divided by 5?
2
What is the remainder when 13270 is divided by 12962?
308
What is the remainder when 31453 is divided by 929?
796
Calculate the remainder when 69033 is divided by 44.
41
What is the remainder when 45372 is divided by 15049?
225
What is the remainder when 34224 is divided by 529?
368
What is the remainder when 13744 is divided by 275?
269
What is the remainder when 43906 is divided by 223?
198
Calculate the remainder when 170914 is divided by 1195.
29
What is the remainder when 37817 is divided by 95?
7
Calculate the remainder when 6235 is divided by 168.
19
What is the remainder when 663 is divided by 249?
165
Calculate the remainder when 8381 is divided by 947.
805
Calculate the remainder when 97402 is divided by 35.
32
Calculate the remainder when 1612 is divided by 150.
112
Calculate the remainder when 1128 is divided by 229.
212
Calculate the remainder when 9796 is divided by 256.
68
What is the remainder when 1344 is divided by 36?
12
Calculate the remainder when 21621 is divided by 5399.
25
What is the remainder when 100013 is divided by 658?
655
What is the remainder when 59634 is divided by 26?
16
What is the remainder when 1595664 is divided by 29?
26
What is the remainder when 644064 is divided by 1567?
27
What is the remainder when 33094 is divided by 63?
19
Calculate the remainder when 7829 is divided by 356.
353
What is the remainder when 30799 is divided by 2050?
49
Calculate the remainder when 257797 is divided by 200.
197
What is the remainder when 632 is divided by 99?
38
What is the remainder when 13092 is divided by 26?
14
What is the remainder when 26870 is divided by 203?
74
Calculate the remainder when 2501 is divided by 48.
5
Calculate the remainder when 29212 is divided by 94.
72
What is the remainder when 3281 is divided by 236?
213
Calculate the remainder when 2670 is divided by 25.
20
What is the remainder when 25070 is divided by 363?
23
Calculate the remainder when 8148 is divided by 1387.
1213
What is the remainder when 62834 is divided by 47?
42
Calculate the remainder when 3597 is divided by 105.
27
What is the remainder when 20362 is divided by 340?
302
What is the remainder when 21884 is divided by 36?
32
Calculate the remainder when 252 is divided by 230.
22
What is the remainder when 1647 is divided by 182?
9
What is the remainder when 18676 is divided by 161?
0
What is the remainder when 37748 is divided by 687?
650
Calculate the remainder when 931 is divided by 101.
22
Calculate the remainder when 5128 is divided by 433.
365
What is the remainder when 4498 is divided by 2237?
24
What is the remainder when 1132 is divided by 219?
37
What is the remainder when 214325 is divided by 8573?
0
Calculate the remainder when 204820 is divided by 54.
52
Calculate the remainder when 1706 is divided by 185.
41
What is the remainder when 197415 is divided by 137?
135
What is the remainder when 1440 is divided by 1165?
275
What is the remainder when 95860 is divided by 1313?
11
What is the remainder when 2647599 is divided by 400?
399
Calculate the remainder when 2380 is divided by 1051.
278
Calculate the remainder when 158839 is divided by 110.
109
Calculate the remainder when 548609 is divided by 16135.
19
Calculate the remainder when 4419 is divided by 2202.
15
Calculate the remainder when 69119 is divided by 323.
320
What is the remainder when 7168 is divided by 109?
83
Calculate the remainder when 15510 is divided by 7755.
0
Calculate the remainder when 2743 is divided by 2132.
611
What is the remainder when 3659 is divided by 2394?
1265
What is the remainder when 1963 is divided by 1009?
954
Calculate the remainder when 2631748 is divided by 50.
48
What is the remainder when 22533 is divided by 32?
5
Calculate the remainder when 5196 is divided by 1696.
108
Calculate the remainder when 12099 is divided by 13.
9
Calculate the remainder when 2387 is divided by 342.
335
Calculate the remainder when 4739 is divided by 240.
179
Calculate the remainder when 537 is divided by 4.
1
What is the remainder when 171909 is divided by 156?
153
Calculate the remainder when 87207 is divided by 15.
12
Calculate the remainder when 7443 is divided by 66.
51
Calculate the remainder when 12433 is divided by 2069.
19
What is the remainder when 48051 is divided by 4803?
21
What is the remainder when 10899 is divided by 122?
41
What is the remainder when 76913 is divided by 333?
323
Calculate the remainder when 20876 is divided by 360.
356
Calculate the remainder when 46455 is divided by 6.
3
What is the remainder when 9438 is divided by 9206?
232
Calculate the remainder when 10811 is divided by 569.
0
Calculate the remainder when 24895 is divided by 30.
25
Calculate the remainder when 1297 is divided by 449.
399
What is the remainder when 25266 is divided by 162?
156
What is the remainder when 40233 is divided by 350?
333
Calculate the remainder when 7616 is divided by 1523.
1
What is the remainder when 1903 is divided by 393?
331
Calculate the remainder when 24389 is divided by 480.
389
Calculate the remainder when 8205 is divided by 24.
21
What is the remainder when 61741 is divided by 908?
905
Calculate the remainder when 32358 is divided by 261.
255
What is the remainder when 136777 is divided by 56?
25
Calculate the remainder when 1772 is divided by 250.
22
What is the remainder when 450408 is divided by 595?
588
What is the remainder when 9730 is divided by 62?
58
What is the remainder when 1541478 is divided by 866?
864
Calculate the remainder when 26983 is divided by 1420.
3
What is the remainder when 55962 is divided by 206?
136
What is the remainder when 20057 is divided by 66?
59
Calculate the remainder when 1904 is divided by 275.
254
What is the remainder when 493918 is divided by 13?
9
Calculate the remainder when 16503 is divided by 196.
39
What is the remainder when 25401 is divided by 74?
19
Calculate the remainder when 196973 is divided by 5.
3
What is the remainder when 5824497 is divided by 12?
9
What is the remainder when 32369 is divided by 15?
14
What is the remainder when 389 is divided by 75?
14
Calculate the remainder when 18621 is divided by 4655.
1
Calculate the remainder when 165428 is divided by 297.
296
What is the remainder when 313921 is divided by 720?
1
Calculate the remainder when 1295 is divided by 400.
95
What is the remainder when 2986433 is divided by 793?
788
Calculate the remainder when 43138 is divided by 10.
8
What is the remainder when 2351 is divided by 988?
375
What is the remainder when 1054 is divided by 166?
58
What is the remainder when 1192 is divided by 72?
40
Calculate the remainder when 47870 is divided by 330.
20
Calculate the remainder when 837419 is divided by 9516.
11
What is the remainder when 169697 is divided by 42413?
45
What is the remainder when 11557 is divided by 3840?
37
What is the remainder when 2182423 is divided by 1334?
1333
What is the remainder when 7561 i